{"id":78,"date":"2014-02-25T14:23:45","date_gmt":"2014-02-25T14:23:45","guid":{"rendered":"http:\/\/localhost\/eatech\/?product=rca-2-canais"},"modified":"2025-04-16T19:14:12","modified_gmt":"2025-04-16T22:14:12","slug":"rca-2-canais","status":"publish","type":"product","link":"https:\/\/www.eatechinterfaces.com.br\/?product=rca-2-canais","title":{"rendered":"Conversor RCA 2 Canais"},"content":{"rendered":"","protected":false},"excerpt":{"rendered":"<p>Este conversor tem a fun\u00e7\u00e3o de transformar os sinais BTL das sa\u00eddas dos equipamentos originais em saidas RCA.<\/p>\n<p>&nbsp;<\/p>\n<p><strong>Caracter\u00edsticas:<\/strong><\/p>\n<p>Entradas com imped\u00e2ncia de 16\u2126 &#8211; pode ser ligada diretamente na sa\u00edda do player ou em paralelo com os alto-falantes originais.<\/p>\n<p>Sa\u00eddas da \u00e1udio com 4,5 volts preout que garantem fidelidade e aus\u00eancia de ru\u00eddos estacion\u00e1rios.<\/p>\n<p>Sa\u00edda 12 volts com 1A de corrente para acionamento do amplificador. Esta sa\u00edda \u00e9 acionada pela presen\u00e7a de \u00e1udio na entrada e desligamento imediato quando n\u00e3o h\u00e1 mais \u00e1udio.<\/p>\n<p>Cabos de entrada com 0,5 mm de di\u00e2metro e 1 metro de comprimento e porta-fus\u00edvel na entrada 12 volts.<\/p>\n","protected":false},"featured_media":479,"comment_status":"open","ping_status":"closed","template":"","meta":[],"product_cat":[15],"product_tag":[],"class_list":{"0":"post-78","1":"product","2":"type-product","3":"status-publish","4":"has-post-thumbnail","6":"product_cat-conversores-rca","8":"first","9":"instock","10":"shipping-taxable","11":"product-type-simple"},"_links":{"self":[{"href":"https:\/\/www.eatechinterfaces.com.br\/index.php?rest_route=\/wp\/v2\/product\/78","targetHints":{"allow":["GET"]}}],"collection":[{"href":"https:\/\/www.eatechinterfaces.com.br\/index.php?rest_route=\/wp\/v2\/product"}],"about":[{"href":"https:\/\/www.eatechinterfaces.com.br\/index.php?rest_route=\/wp\/v2\/types\/product"}],"replies":[{"embeddable":true,"href":"https:\/\/www.eatechinterfaces.com.br\/index.php?rest_route=%2Fwp%2Fv2%2Fcomments&post=78"}],"wp:featuredmedia":[{"embeddable":true,"href":"https:\/\/www.eatechinterfaces.com.br\/index.php?rest_route=\/wp\/v2\/media\/479"}],"wp:attachment":[{"href":"https:\/\/www.eatechinterfaces.com.br\/index.php?rest_route=%2Fwp%2Fv2%2Fmedia&parent=78"}],"wp:term":[{"taxonomy":"product_cat","embeddable":true,"href":"https:\/\/www.eatechinterfaces.com.br\/index.php?rest_route=%2Fwp%2Fv2%2Fproduct_cat&post=78"},{"taxonomy":"product_tag","embeddable":true,"href":"https:\/\/www.eatechinterfaces.com.br\/index.php?rest_route=%2Fwp%2Fv2%2Fproduct_tag&post=78"}],"curies":[{"name":"wp","href":"https:\/\/api.w.org\/{rel}","templated":true}]}}